he highest common divisor of 292284 and 714564.
828
Calculate the highest common divisor of 2655 and 37035.
45
What is the greatest common factor of 376 and 10349212?
188
What is the greatest common divisor of 2032240976 and 4208?
4208
Calculate the highest common factor of 57114956 and 31499.
2423
Calculate the greatest common divisor of 170 and 71960990.
10
What is the highest common divisor of 101150 and 1540?
70
Calculate the highest common factor of 119915166 and 42.
42
Calculate the highest common divisor of 180304984 and 152.
152
Calculate the greatest common divisor of 1379537764 and 223.
223
What is the highest common divisor of 1363785 and 6855909?
4623
Calculate the greatest common divisor of 214276082 and 118.
118
What is the greatest common factor of 13120 and 435520?
320
Calculate the highest common factor of 22246 and 5094788.
454
What is the greatest common divisor of 210035 and 9023?
7
Calculate the highest common divisor of 2005858842 and 114.
114
What is the greatest common divisor of 21916258 and 59?
59
Calculate the greatest common factor of 3587 and 449276.
17
Calculate the highest common divisor of 61 and 26689879.
61
What is the highest common divisor of 496 and 523887352?
248
Calculate the highest common divisor of 39640 and 13670.
10
Calculate the highest common factor of 111834786 and 63.
21
Calculate the highest common factor of 22805025 and 90.
15
Calculate the greatest common factor of 88641 and 807975.
189
Calculate the greatest common factor of 1102785 and 1521810.
555
What is the greatest common factor of 19630 and 60081390?
1510
What is the greatest common factor of 20 and 9380660?
20
What is the greatest common factor of 19832850 and 3186?
3186
What is the highest common factor of 10224482 and 93?
31
Calculate the greatest common divisor of 85206 and 2607.
33
What is the greatest common divisor of 172 and 1543158028?
172
What is the highest common factor of 3090 and 65760?
30
What is the greatest common factor of 30 and 1851024?
6
Calculate the highest common divisor of 555 and 32420.
5
What is the highest common divisor of 22041025 and 225?
25
Calculate the highest common divisor of 6250592 and 217.
31
What is the highest common factor of 1821 and 47049?
3
What is the greatest common factor of 59057 and 10517?
809
What is the greatest common divisor of 1445 and 837029?
17
Calculate the highest common factor of 24 and 30567336.
24
Calculate the highest common factor of 2232 and 182538.
18
What is the greatest common divisor of 38755 and 44655?
5
What is the highest common divisor of 2009155 and 380?
95
What is the highest common divisor of 150 and 361506?
6
What is the greatest common divisor of 1944 and 36319266?
486
Calculate the greatest common factor of 133083698 and 22.
22
Calculate the greatest common divisor of 87652992 and 22400.
896
Calculate the greatest common divisor of 46652519 and 5465.
1093
Calculate the greatest common factor of 476318 and 128.
2
What is the greatest common factor of 171174 and 22560?
282
What is the greatest common factor of 32 and 1879128?
8
Calculate the highest common factor of 745704 and 15.
3
What is the greatest common factor of 1993 and 16381?
1
What is the highest common factor of 542643 and 2338393?
653
What is the highest common divisor of 87702180 and 4?
4
What is the highest common factor of 183792 and 864?
48
What is the greatest common divisor of 42522174 and 72?
18
Calculate the highest common divisor of 453070232 and 11728.
5864
Calculate the highest common divisor of 1393905492 and 63.
63
What is the highest common divisor of 343083 and 570?
57
What is the highest common factor of 90935736 and 120?
24
What is the highest common factor of 2222 and 672862?
202
Calculate the highest common factor of 97070363 and 182624.
5707
Calculate the greatest common divisor of 1449217 and 1073.
29
Calculate the greatest common divisor of 391942912 and 128.
128
Calculate the highest common factor of 1897727 and 4216.
527
What is the highest common divisor of 13632 and 968866?
142
What is the greatest common divisor of 56166660 and 342?
342
Calculate the greatest common divisor of 35985 and 89521084.
2399
What is the greatest common factor of 483144 and 30?
6
What is the greatest common factor of 11717607 and 77979?
561
What is the highest common factor of 774362 and 121226?
2474
What is the highest common factor of 3815904 and 5064?
24
What is the highest common divisor of 1074177 and 225?
9
What is the greatest common factor of 6743347 and 1495?
299
Calculate the highest common divisor of 49125784 and 8636.
68
Calculate the highest common divisor of 1877 and 170238269.
1877
What is the greatest common factor of 496176 and 1356?
12
What is the highest common divisor of 2576450 and 775?
25
Calculate the highest common factor of 9513277 and 172.
43
What is the greatest common factor of 15558603 and 897?
69
What is the highest common factor of 752436 and 216?
108
Calculate the highest common factor of 35292750 and 8250.
750
What is the greatest common factor of 13229106 and 85651?
883
Calculate the highest common factor of 527 and 5186393.
31
What is the highest common factor of 5772138 and 465?
93
What is the greatest common factor of 1581866 and 151294?
286
What is the highest common divisor of 380 and 8936?
4
Calculate the greatest common factor of 14469 and 69195581.
4823
Calculate the greatest common divisor of 940121 and 11921.
91
Calculate the greatest common divisor of 3978 and 176436.
234
Calculate the greatest common factor of 17329809 and 12.
3
Calculate the greatest common factor of 12528 and 680746.
58
What is the highest common factor of 75600440 and 80?
40
Calculate the greatest common factor of 16725860 and 82718.
1402
Calculate the highest common divisor of 92718020 and 220.
20
What is the greatest common divisor of 40589 and 377326?
37
Calculate the greatest common divisor of 784 and 725788.
196
What is the greatest common factor of 9924527 and 48676?
283
Calculate the highest common factor of 1030 and 785565962.
206
Calculate the highest common divisor of 6536 and 912570.
38
What is the highest common factor of 2301283 and 1?
1
What is the greatest common factor of 534 and 237641214?
534
What is the greatest common factor of 9389716 and 812?
28
Calculate the highest common factor of 117 and 7138833.
39
Calculate the greatest common factor of 164890 and 13255.
55
Calculate the highest common factor of 905807765 and 3545.
3545
Calculate the highest common factor of 1954 and 1000719606.
1954
Calculate the highest common divisor of 20 and 9784365.
5
Calculate the greatest common divisor of 14114215 and 22455.
2495
Calculate the greatest common divisor of 2808 and 9677772.
1404
What is the greatest common divisor of 2700 and 10358955?
135
Calculate the highest common divisor of 112516631 and 458.
229
Calculate the highest common factor of 1281 and 8264280.
183
Calculate the greatest common divisor of 320752452 and 152.
76
What is the greatest common factor of 4340 and 468596?
124
What is the highest common divisor of 1606 and 4296853?
803
What is the greatest common factor of 236 and 12081548?
236
Calculate the highest common divisor of 942388 and 12470.
86
What is the greatest common divisor of 32460325 and 746?
373
What is the highest common divisor of 10805 and 10109158?
2161
Calculate the greatest common divisor of 654521428 and 484.
484
What is the greatest common divisor of 923612 and 1319712?
932
Calculate the highest common divisor of 161767645 and 13520.
845
What is the highest common divisor of 366 and 268635216?
366
Calculate the highest common divisor of 1215715928 and 28.
28
Calculate the highest common factor of 15006322 and 535.
107
Calculate the highest common divisor of 92 and 15686782.
46
Calculate the highest common divisor of 1647046 and 223947.
149
Calculate the highest common factor of 1445191 and 1826.
11
Calculate the highest common divisor of 7497090 and 10.
10
Calculate the greatest common factor of 1894659072 and 233.
233
Calculate the highest common divisor of 2005 and 1300585355.
2005
Calculate the greatest common divisor of 21630 and 640290.
210
Calculate the highest common divisor of 2196277878 and 5827.
5827
Calculate the highe